{"id":30,"date":"2018-02-16T19:15:17","date_gmt":"2018-02-16T19:15:17","guid":{"rendered":"http:\/\/test.abbisp.dk\/?page_id=30"},"modified":"2023-09-21T12:05:21","modified_gmt":"2023-09-21T11:05:21","slug":"vedtaegter","status":"publish","type":"page","link":"https:\/\/www.abbisp.dk\/index.php\/vedtaegter\/","title":{"rendered":"GF referater"},"content":{"rendered":"<p>Alle generalforsamlings referater siden 2004 kan findes her inddelt efter \u00e5rtier. Referater fra 1996 til 2004 arbejder vi p\u00e5 at fremskaffe i papir, og scanne dem ind. Hvis du skulle ligge inde med de gamle referater m\u00e5 du gerne kontakte bestyrelsen med henblik p\u00e5 l\u00e5n.<\/p>\n<p>Adgangskoden til referater er ikke s\u00e5 hemmelig; det er postnummeret til gaden som kontoret ligger i. Det er alene for at undg\u00e5 at de gamle referater indekseres, og derved kan frems\u00f8ges, af internet s\u00f8gemaskiner (Google etc.)<\/p>\n<p><a href=\"http:\/\/www.abbisp.dk\/index.php\/vedtaegter\/gfref-2020-2029\/\">2020-2029<\/a><\/p>\n<p><a href=\"http:\/\/www.abbisp.dk\/index.php\/vedtaegter\/gfref_2010-2019\/\">2010-2019<\/a><\/p>\n<p><a href=\"http:\/\/www.abbisp.dk\/index.php\/vedtaegter\/gfref-2004-2009\/\">2004-2009<\/a><\/p>\n<p><!-- <a href=\"http:\/\/www.abbisp.dk\/index.php\/gfref_1996-1999\/\">1996-1999<\/a> --><\/p>\n","protected":false},"excerpt":{"rendered":"<p>Alle generalforsamlings referater siden 2004 kan findes her inddelt efter \u00e5rtier. Referater fra 1996 til 2004 arbejder vi p\u00e5 at fremskaffe i papir, og scanne dem ind. Hvis du skulle ligge inde med de gamle referater m\u00e5 du gerne kontakte bestyrelsen med henblik p\u00e5 l\u00e5n. Adgangskoden til referater er ikke s\u00e5 hemmelig; det er postnummeret [&hellip;]<\/p>\n","protected":false},"author":1,"featured_media":0,"parent":0,"menu_order":0,"comment_status":"closed","ping_status":"closed","template":"","meta":{"footnotes":""},"class_list":["post-30","page","type-page","status-publish","czr-hentry"],"_links":{"self":[{"href":"https:\/\/www.abbisp.dk\/index.php\/wp-json\/wp\/v2\/pages\/30","targetHints":{"allow":["GET"]}}],"collection":[{"href":"https:\/\/www.abbisp.dk\/index.php\/wp-json\/wp\/v2\/pages"}],"about":[{"href":"https:\/\/www.abbisp.dk\/index.php\/wp-json\/wp\/v2\/types\/page"}],"author":[{"embeddable":true,"href":"https:\/\/www.abbisp.dk\/index.php\/wp-json\/wp\/v2\/users\/1"}],"replies":[{"embeddable":true,"href":"https:\/\/www.abbisp.dk\/index.php\/wp-json\/wp\/v2\/comments?post=30"}],"version-history":[{"count":15,"href":"https:\/\/www.abbisp.dk\/index.php\/wp-json\/wp\/v2\/pages\/30\/revisions"}],"predecessor-version":[{"id":317,"href":"https:\/\/www.abbisp.dk\/index.php\/wp-json\/wp\/v2\/pages\/30\/revisions\/317"}],"wp:attachment":[{"href":"https:\/\/www.abbisp.dk\/index.php\/wp-json\/wp\/v2\/media?parent=30"}],"curies":[{"name":"wp","href":"https:\/\/api.w.org\/{rel}","templated":true}]}}